{"id":6647,"date":"2021-12-14T16:43:10","date_gmt":"2021-12-14T15:43:10","guid":{"rendered":"https:\/\/groupevirtualtech.fr\/cedres\/?page_id=6647"},"modified":"2024-06-10T17:18:27","modified_gmt":"2024-06-10T15:18:27","slug":"seminaires","status":"publish","type":"page","link":"https:\/\/groupevirtualtech.fr\/cedres\/seminaires\/","title":{"rendered":"LES S\u00c9MINAIRES"},"content":{"rendered":"<p>[vc_row css=\u00a0\u00bb.vc_custom_1639487803031{padding-top: 40px !important;padding-bottom: 40px !important;background: #eaeaea url(https:\/\/groupevirtualtech.fr\/cedres\/wp-content\/uploads\/2021\/12\/hotel-header.jpg?id=6582) !important;background-position: center !important;background-repeat: no-repeat !important;background-size: cover !important;}\u00a0\u00bb][vc_column][vc_row_inner el_class=\u00a0\u00bbmarges-cotes\u00a0\u00bb][vc_column_inner css=\u00a0\u00bb.vc_custom_1639046684119{padding-left: 25px !important;}\u00a0\u00bb][vc_column_text]<\/p>\n<h1>S\u00c9MINAIRES<\/h1>\n<p>[\/vc_column_text][\/vc_column_inner][\/vc_row_inner][\/vc_column][\/vc_row][vc_row css=\u00a0\u00bb.vc_custom_1639484890543{margin-right: 0px !important;margin-left: 0px !important;padding-top: 0px !important;background-color: #f7f7f7 !important;}\u00a0\u00bb el_class=\u00a0\u00bbmarges-cotes\u00a0\u00bb][vc_column width=\u00a0\u00bb1\/2&Prime; css=\u00a0\u00bb.vc_custom_1639492498736{padding-right: 20px !important;padding-left: 20px !important;}\u00a0\u00bb][vc_empty_space height=\u00a0\u00bb52px\u00a0\u00bb][vc_column_text el_class=\u00a0\u00bbpad-p\u00a0\u00bb css=\u00a0\u00bb.vc_custom_1718026326801{padding-right: 15px !important;padding-left: 15px !important;}\u00a0\u00bb]*** L&rsquo; \u00e9l\u00e9gant salon-biblioth\u00e8que Louis XIV devient salle de s\u00e9minaire pour une quinzaine de personnes.<\/p>\n<p>*** Les villes d&rsquo;Avignon et de Villeneuve-l\u00e8s-Avignon, riches de leur patrimoine historique et culturel, vous incitent \u00e0 organiser des s\u00e9minaires dans un lieu calme et agr\u00e9able.<\/p>\n<p>*** Apr\u00e8s l&rsquo;effort intellectuel, offrez-vous le r\u00e9confort d&rsquo;un bain dans la piscine chauf\u00e9e \u00e0 mi-saison, d&rsquo;un jogging dans la plaine de l&rsquo;abbaye ou d&rsquo;un shopping \u00e0 Avignon. Un bon repas au restaurant terminera votre journ\u00e9e de travail.[\/vc_column_text][vc_empty_space height=\u00a0\u00bb22px\u00a0\u00bb el_class=\u00a0\u00bbhidden-xs\u00a0\u00bb][vc_row_inner css=\u00a0\u00bb.vc_custom_1635171073613{margin-top: 20px !important;margin-right: 20px !important;margin-bottom: 20px !important;margin-left: 20px !important;padding-top: 10px !important;padding-right: 10px !important;padding-bottom: 10px !important;padding-left: 10px !important;}\u00a0\u00bb][vc_column_inner css=\u00a0\u00bb.vc_custom_1638966946111{margin-left: 0px !important;padding-left: 0px !important;}\u00a0\u00bb][vc_single_image image=\u00a0\u00bb6576&Prime; img_size=\u00a0\u00bbfull\u00a0\u00bb][vc_empty_space height=\u00a0\u00bb22px\u00a0\u00bb el_class=\u00a0\u00bbhidden-xs\u00a0\u00bb][vc_text_separator title=\u00a0\u00bb***\u00a0\u00bb color=\u00a0\u00bbcustom\u00a0\u00bb accent_color=\u00a0\u00bb#8c8c8c\u00a0\u00bb][\/vc_column_inner][\/vc_row_inner][\/vc_column][vc_column width=\u00a0\u00bb1\/2&Prime; css=\u00a0\u00bb.vc_custom_1639042721844{margin-top: 0px !important;margin-bottom: 0px !important;padding-top: 0px !important;padding-bottom: 0px !important;padding-left: 0px !important;background-position: center !important;background-repeat: no-repeat !important;background-size: cover !important;}\u00a0\u00bb][vc_row_inner css=\u00a0\u00bb.vc_custom_1639489653074{margin-top: 0px !important;margin-bottom: 0px !important;padding-top: 0px !important;padding-bottom: 0px !important;background-position: center !important;background-repeat: no-repeat !important;background-size: cover !important;}\u00a0\u00bb el_class=\u00a0\u00bbhidden-xs\u00a0\u00bb][vc_column_inner css=\u00a0\u00bb.vc_custom_1639496740022{padding-top: 400px !important;background-image: url(https:\/\/groupevirtualtech.fr\/cedres\/wp-content\/uploads\/2021\/12\/salle-seminaires.jpg?id=6648) !important;background-position: center !important;background-repeat: no-repeat !important;background-size: cover !important;}\u00a0\u00bb][vc_empty_space height=\u00a0\u00bb52px\u00a0\u00bb][\/vc_column_inner][\/vc_row_inner][\/vc_column][\/vc_row][vc_row css=\u00a0\u00bb.vc_custom_1639484890543{margin-right: 0px !important;margin-left: 0px !important;padding-top: 0px !important;background-color: #f7f7f7 !important;}\u00a0\u00bb el_class=\u00a0\u00bbmarges-cotes\u00a0\u00bb][vc_column width=\u00a0\u00bb1\/2&Prime; css=\u00a0\u00bb.vc_custom_1639042721844{margin-top: 0px !important;margin-bottom: 0px !important;padding-top: 0px !important;padding-bottom: 0px !important;padding-left: 0px !important;background-position: center !important;background-repeat: no-repeat !important;background-size: cover !important;}\u00a0\u00bb][vc_row_inner css=\u00a0\u00bb.vc_custom_1639489653074{margin-top: 0px !important;margin-bottom: 0px !important;padding-top: 0px !important;padding-bottom: 0px !important;background-position: center !important;background-repeat: no-repeat !important;background-size: cover !important;}\u00a0\u00bb el_class=\u00a0\u00bbhidden-xs\u00a0\u00bb][vc_column_inner css=\u00a0\u00bb.vc_custom_1639497083421{padding-top: 400px !important;background-image: url(https:\/\/groupevirtualtech.fr\/cedres\/wp-content\/uploads\/2021\/12\/vignettes_0000_Calque-7-2.jpg?id=6655) !important;background-position: center !important;background-repeat: no-repeat !important;background-size: cover !important;}\u00a0\u00bb][vc_empty_space height=\u00a0\u00bb22px\u00a0\u00bb][\/vc_column_inner][\/vc_row_inner][\/vc_column][vc_column width=\u00a0\u00bb1\/2&Prime; css=\u00a0\u00bb.vc_custom_1639492498736{padding-right: 20px !important;padding-left: 20px !important;}\u00a0\u00bb][vc_empty_space height=\u00a0\u00bb22px\u00a0\u00bb][vc_column_text el_class=\u00a0\u00bbpad-p\u00a0\u00bb css=\u00a0\u00bb.vc_custom_1718026384520{padding-right: 15px !important;padding-left: 15px !important;}\u00a0\u00bb]<\/p>\n<h3 style=\"text-align: center;\">TARIF S\u00c9MINAIRE<\/h3>\n<p style=\"text-align: center;\">Forfait nuit + petit d\u00e9jeuner<br \/>\nChambre + repas (boissons non comprises) = 100 \u20ac en chambre simple<br \/>\nForfait salle de r\u00e9union = 47 par personne (2 pauses incluses)\u20ac<br \/>\n1 repas midi boissons comprises (eau min\u00e9rale et caf\u00e9)<\/p>\n<p style=\"text-align: center;\"><strong>Notre salle de r\u00e9union peut contenir 16 personnes au maximum et est \u00e9quip\u00e9e d\u2019un r\u00e9troprojecteur, d\u2019un \u00e9cran,<br \/>\nd\u2019un paperboard, d\u2019une prise t\u00e9l\u00e9phonique, Acc\u00e8s WI-FI.<\/strong><\/p>\n<p style=\"text-align: center;\">Salle climatis\u00e9e. Nous sommes \u00e0 votre disposition pour tous compl\u00e9ments de devis<\/p>\n<p>[\/vc_column_text][vc_empty_space height=\u00a0\u00bb22px\u00a0\u00bb el_class=\u00a0\u00bbhidden-xs\u00a0\u00bb][\/vc_column][\/vc_row][vc_row css=\u00a0\u00bb.vc_custom_1639043623334{background-color: #f7f7f7 !important;}\u00a0\u00bb][vc_column][vc_empty_space height=\u00a0\u00bb52px\u00a0\u00bb][vc_column_text]<\/p>\n<p style=\"text-align: center;\"><strong>VOUS SOUHAITEZ EFFECTUER UNE R\u00c9SERVATION ?<\/strong><\/p>\n<p style=\"text-align: center;\"><strong>VEUILLEZ CLIQUER SUR LE BOUTON R\u00c9SERVATION CI-DESSOUS<\/strong><\/p>\n<p>[\/vc_column_text][vc_empty_space height=\u00a0\u00bb10px\u00a0\u00bb][vc_column_text]<\/p>\n<p style=\"text-align: center;\"><button class=\"ReservitBookingButton\">RESERVATION<\/button><\/p>\n<div class=\"iframeClose\" style=\"display: none; z-index: 999; position: fixed; top: 10px; right: 40px; color: #000; font-size: 30px; cursor: pointer; font-family: Arial;\">x<\/div>\n<p><iframe id=\"ReservitBookingIframe\" style=\"z-index: 100000; opacity: 1; border: none; width: 100%; height: 100%; position: fixed; transform: translateY(0px); background: #fff; top: 0; bottom: 0; left: 0; right: 0; transition: transform 450ms cubic-bezier(0.23, 1, 0.32, 1), opacity 450ms cubic-bezier(0.23, 1, 0.32, 1); display: none;\" src=\"https:\/\/secure.reservit.com\/fo\/booking\/233\/1038\/dates?specialMode=default&amp;mode=light&amp;langcode=FR&amp;m=booking\"><\/iframe>[\/vc_column_text][vc_empty_space height=\u00a0\u00bb52px\u00a0\u00bb][vc_column_text]<script>\n    jQuery(document).ready(function() {\n        jQuery(\".ReservitBookingButton\").click(function () {\n            if (jQuery(this).hasClass(\"iframeShow\")) {\n                jQuery(this).removeClass(\"iframeShow\");\n                jQuery(\"iframe#ReservitBookingIframe, .iframeClose\").hide(\"slow\");\n            } else {\n                jQuery(this).addClass(\"iframeShow\");\n                jQuery(\"iframe#ReservitBookingIframe, .iframeClose\").show(\"slow\");\n                jQuery(\"iframe#ReservitBookingIframe\").css(\"z-index\", \"1\");\n            }\n        });\n        jQuery(\".iframeClose\").click(function () {\n            jQuery(\".ReservitBookingButton\").removeClass(\"iframeShow\");\n            jQuery(\"iframe#ReservitBookingIframe, .iframeClose\").hide(\"slow\");\n        });\n    });\n<\/script>[\/vc_column_text][\/vc_column][\/vc_row][vc_row css=\u00a0\u00bb.vc_custom_1639492067339{margin-right: 0px !important;margin-left: 0px !important;padding-top: 0px !important;}\u00a0\u00bb el_class=\u00a0\u00bbhidden-lg hidden-md\u00a0\u00bb][vc_column css=\u00a0\u00bb.vc_custom_1639042243020{margin-top: 0px !important;margin-bottom: 0px !important;padding-top: 0px !important;padding-bottom: 0px !important;background-position: center !important;background-repeat: no-repeat !important;background-size: cover !important;}\u00a0\u00bb][vc_row_inner css=\u00a0\u00bb.vc_custom_1639042819264{margin-top: 0px !important;margin-bottom: 0px !important;padding-top: 0px !important;padding-bottom: 0px !important;background-position: center !important;background-repeat: no-repeat !important;background-size: cover !important;}\u00a0\u00bb][vc_column_inner width=\u00a0\u00bb1\/2&Prime; css=\u00a0\u00bb.vc_custom_1639491604657{background-position: center !important;background-repeat: no-repeat !important;background-size: cover !important;}\u00a0\u00bb][vc_single_image image=\u00a0\u00bb6648&Prime; img_size=\u00a0\u00bbfull\u00a0\u00bb alignment=\u00a0\u00bbcenter\u00a0\u00bb][\/vc_column_inner][vc_column_inner width=\u00a0\u00bb1\/2&Prime;][vc_empty_space][vc_single_image image=\u00a0\u00bb6652&Prime; img_size=\u00a0\u00bbfull\u00a0\u00bb alignment=\u00a0\u00bbcenter\u00a0\u00bb][\/vc_column_inner][\/vc_row_inner][\/vc_column][\/vc_row][vc_row layout=\u00a0\u00bbboxed\u00a0\u00bb css=\u00a0\u00bb.vc_custom_1638969689647{margin-top: -30px !important;padding-top: 10px !important;padding-bottom: 10px !important;}\u00a0\u00bb][vc_column css=\u00a0\u00bb.vc_custom_1632840075904{padding-top: 30px !important;padding-bottom: 30px !important;}\u00a0\u00bb][vc_row_inner layout=\u00a0\u00bbboxed\u00a0\u00bb][vc_column_inner][vc_empty_space][vc_text_separator title=\u00a0\u00bb***\u00a0\u00bb color=\u00a0\u00bbcustom\u00a0\u00bb accent_color=\u00a0\u00bb#8c8c8c\u00a0\u00bb][vc_empty_space height=\u00a0\u00bb42px\u00a0\u00bb][vc_column_text]<\/p>\n<h3 style=\"text-align: center;\">QUELQUES PHOTOS<\/h3>\n<p>[\/vc_column_text][\/vc_column_inner][\/vc_row_inner][\/vc_column][\/vc_row][vc_row css=\u00a0\u00bb.vc_custom_1639407631531{margin-top: -30px !important;padding-top: 10px !important;padding-bottom: 10px !important;background-color: #f7f7f7 !important;}\u00a0\u00bb][vc_column css=\u00a0\u00bb.vc_custom_1632840075904{padding-top: 30px !important;padding-bottom: 30px !important;}\u00a0\u00bb][vc_row_inner el_class=\u00a0\u00bbmarges-cotes\u00a0\u00bb][vc_column_inner][vc_empty_space][vc_masonry_media_grid grid_id=\u00a0\u00bbvc_gid:1718032685665-754154c0-4855-4&Prime; include=\u00a0\u00bb6655,6648,6619&Prime;][\/vc_column_inner][\/vc_row_inner][\/vc_column][\/vc_row][vc_row css=\u00a0\u00bb.vc_custom_1639043623334{background-color: #f7f7f7 !important;}\u00a0\u00bb][vc_column][vc_empty_space height=\u00a0\u00bb52px\u00a0\u00bb][\/vc_column][\/vc_row]<\/p>\n","protected":false},"excerpt":{"rendered":"<p>[vc_row css=\u00a0\u00bb.vc_custom_1639487803031{padding-top: 40px !important;padding-bottom: 40px !important;background: #eaeaea url(https:\/\/groupevirtualtech.fr\/cedres\/wp-content\/uploads\/2021\/12\/hotel-header.jpg?id=6582) !important;background-position: center !important;background-repeat: no-repeat !important;background-size: cover !important;}\u00a0\u00bb][vc_column][vc_row_inner el_class=\u00a0\u00bbmarges-cotes\u00a0\u00bb][vc_column_inner css=\u00a0\u00bb.vc_custom_1639046684119{padding-left: 25px !important;}\u00a0\u00bb][vc_column_text] S\u00c9MINAIRES [\/vc_column_text][\/vc_column_inner][\/vc_row_inner][\/vc_column][\/vc_row][vc_row css=\u00a0\u00bb.vc_custom_1639484890543{margin-right: 0px !important;margin-left: 0px !important;padding-top: 0px !important;background-color: #f7f7f7 !important;}\u00a0\u00bb el_class=\u00a0\u00bbmarges-cotes\u00a0\u00bb][vc_column width=\u00a0\u00bb1\/2&Prime; css=\u00a0\u00bb.vc_custom_1639492498736{padding-right: 20px !important;padding-left: 20px !important;}\u00a0\u00bb][vc_empty_space height=\u00a0\u00bb52px\u00a0\u00bb][vc_column_text el_class=\u00a0\u00bbpad-p\u00a0\u00bb css=\u00a0\u00bb.vc_custom_1718026326801{padding-right: 15px !important;padding-left: 15px !important;}\u00a0\u00bb]*** L&rsquo; \u00e9l\u00e9gant salon-biblioth\u00e8que Louis XIV devient salle de s\u00e9minaire pour une [&hellip;]<\/p>\n","protected":false},"author":1,"featured_media":0,"parent":0,"menu_order":0,"comment_status":"closed","ping_status":"closed","template":"","meta":{"footnotes":""},"class_list":["post-6647","page","type-page","status-publish","hentry"],"_links":{"self":[{"href":"https:\/\/groupevirtualtech.fr\/cedres\/wp-json\/wp\/v2\/pages\/6647","targetHints":{"allow":["GET"]}}],"collection":[{"href":"https:\/\/groupevirtualtech.fr\/cedres\/wp-json\/wp\/v2\/pages"}],"about":[{"href":"https:\/\/groupevirtualtech.fr\/cedres\/wp-json\/wp\/v2\/types\/page"}],"author":[{"embeddable":true,"href":"https:\/\/groupevirtualtech.fr\/cedres\/wp-json\/wp\/v2\/users\/1"}],"replies":[{"embeddable":true,"href":"https:\/\/groupevirtualtech.fr\/cedres\/wp-json\/wp\/v2\/comments?post=6647"}],"version-history":[{"count":18,"href":"https:\/\/groupevirtualtech.fr\/cedres\/wp-json\/wp\/v2\/pages\/6647\/revisions"}],"predecessor-version":[{"id":6835,"href":"https:\/\/groupevirtualtech.fr\/cedres\/wp-json\/wp\/v2\/pages\/6647\/revisions\/6835"}],"wp:attachment":[{"href":"https:\/\/groupevirtualtech.fr\/cedres\/wp-json\/wp\/v2\/media?parent=6647"}],"curies":[{"name":"wp","href":"https:\/\/api.w.org\/{rel}","templated":true}]}}