{"id":6618,"date":"2021-12-14T15:56:54","date_gmt":"2021-12-14T14:56:54","guid":{"rendered":"https:\/\/groupevirtualtech.fr\/cedres\/?page_id=6618"},"modified":"2024-06-10T15:13:50","modified_gmt":"2024-06-10T13:13:50","slug":"restaurant","status":"publish","type":"page","link":"https:\/\/groupevirtualtech.fr\/cedres\/restaurant\/","title":{"rendered":"RESTAURANT"},"content":{"rendered":"<p>[vc_row css=\u00a0\u00bb.vc_custom_1639487803031{padding-top: 40px !important;padding-bottom: 40px !important;background: #eaeaea url(https:\/\/groupevirtualtech.fr\/cedres\/wp-content\/uploads\/2021\/12\/hotel-header.jpg?id=6582) !important;background-position: center !important;background-repeat: no-repeat !important;background-size: cover !important;}\u00a0\u00bb][vc_column][vc_row_inner el_class=\u00a0\u00bbmarges-cotes\u00a0\u00bb][vc_column_inner css=\u00a0\u00bb.vc_custom_1639046684119{padding-left: 25px !important;}\u00a0\u00bb][vc_column_text]<\/p>\n<h1>LE RESTAURANT<\/h1>\n<p>[\/vc_column_text][\/vc_column_inner][\/vc_row_inner][\/vc_column][\/vc_row][vc_row css=\u00a0\u00bb.vc_custom_1639484890543{margin-right: 0px !important;margin-left: 0px !important;padding-top: 0px !important;background-color: #f7f7f7 !important;}\u00a0\u00bb el_class=\u00a0\u00bbmarges-cotes\u00a0\u00bb][vc_column width=\u00a0\u00bb1\/2&Prime; css=\u00a0\u00bb.vc_custom_1639492498736{padding-right: 20px !important;padding-left: 20px !important;}\u00a0\u00bb][vc_empty_space height=\u00a0\u00bb100px\u00a0\u00bb][vc_column_text el_class=\u00a0\u00bbpad-p\u00a0\u00bb css=\u00a0\u00bb.vc_custom_1718025155252{padding-right: 15px !important;padding-left: 15px !important;}\u00a0\u00bb]<\/p>\n<h3 style=\"text-align: left;\"><strong>RESTAURANT<\/strong><\/h3>\n<p><strong>Le restaurant et sa pergola ouverte sur le jardin invitent \u00e0 la d\u00e9couverte&#8230; de la Provence des traditions gourmandes<\/strong><\/p>\n<p>*** Vous pourrez d\u00e9guster au fil des saisons et des march\u00e9s notre cuisine aux saveurs proven\u00e7ales.<\/p>\n<p>Nous vous proposons des menus \u00e0 36 \u20ac et 55 \u20ac et un menu enfant (- de 12 ans) \u00e0 13 \u20ac et une carte vari\u00e9e.<\/p>\n<p>Le restaurant est ouvert tous les jours sauf le lundi midi, except\u00e9 les jours f\u00e9ri\u00e9s et pendant le festival o\u00f9 il est ouvert 7 jours sur 7.<\/p>\n<p><strong>Le restaurant est accessible aux PMR<\/strong>[\/vc_column_text][vc_empty_space el_class=\u00a0\u00bbhidden-xs\u00a0\u00bb][vc_row_inner css=\u00a0\u00bb.vc_custom_1635171073613{margin-top: 20px !important;margin-right: 20px !important;margin-bottom: 20px !important;margin-left: 20px !important;padding-top: 10px !important;padding-right: 10px !important;padding-bottom: 10px !important;padding-left: 10px !important;}\u00a0\u00bb][vc_column_inner css=\u00a0\u00bb.vc_custom_1638966946111{margin-left: 0px !important;padding-left: 0px !important;}\u00a0\u00bb][vc_btn title=\u00a0\u00bbD\u00c9COUVRIR NOTRE CARTE ET MENUS\u00a0\u00bb style=\u00a0\u00bbflat\u00a0\u00bb shape=\u00a0\u00bbsquare\u00a0\u00bb align=\u00a0\u00bbcenter\u00a0\u00bb css=\u00a0\u00bb.vc_custom_1639571941523{margin-left: 0px !important;padding-left: 0px !important;}\u00a0\u00bb link=\u00a0\u00bburl:https%3A%2F%2Fgroupevirtualtech.fr%2Fcedres%2Fcarte-et-menus%2F|title:CARTE%20ET%20MENUS\u00a0\u00bb][\/vc_column_inner][\/vc_row_inner][\/vc_column][vc_column width=\u00a0\u00bb1\/2&Prime; css=\u00a0\u00bb.vc_custom_1639042721844{margin-top: 0px !important;margin-bottom: 0px !important;padding-top: 0px !important;padding-bottom: 0px !important;padding-left: 0px !important;background-position: center !important;background-repeat: no-repeat !important;background-size: cover !important;}\u00a0\u00bb][vc_row_inner css=\u00a0\u00bb.vc_custom_1639494726933{margin-top: 0px !important;margin-bottom: 0px !important;padding-top: 0px !important;padding-bottom: 0px !important;background-position: center !important;background-repeat: no-repeat !important;background-size: cover !important;}\u00a0\u00bb][vc_column_inner css=\u00a0\u00bb.vc_custom_1639493802885{background-position: center !important;background-repeat: no-repeat !important;background-size: cover !important;}\u00a0\u00bb][vc_empty_space height=\u00a0\u00bb52px\u00a0\u00bb][vc_single_image image=\u00a0\u00bb6632&Prime; img_size=\u00a0\u00bbfull\u00a0\u00bb][\/vc_column_inner][\/vc_row_inner][\/vc_column][\/vc_row][vc_row css=\u00a0\u00bb.vc_custom_1639493906020{margin-right: 0px !important;margin-left: 0px !important;padding-top: 0px !important;}\u00a0\u00bb el_class=\u00a0\u00bbmarges-cotes\u00a0\u00bb][vc_column width=\u00a0\u00bb1\/2&Prime; css=\u00a0\u00bb.vc_custom_1639042721844{margin-top: 0px !important;margin-bottom: 0px !important;padding-top: 0px !important;padding-bottom: 0px !important;padding-left: 0px !important;background-position: center !important;background-repeat: no-repeat !important;background-size: cover !important;}\u00a0\u00bb][vc_row_inner css=\u00a0\u00bb.vc_custom_1639494666367{margin-top: 0px !important;margin-bottom: 0px !important;padding-top: 0px !important;padding-bottom: 0px !important;background-position: center !important;background-repeat: no-repeat !important;background-size: cover !important;}\u00a0\u00bb][vc_column_inner width=\u00a0\u00bb1\/2&Prime; css=\u00a0\u00bb.vc_custom_1639494575545{margin-top: 0px !important;padding-top: 0px !important;background-position: center !important;background-repeat: no-repeat !important;background-size: cover !important;}\u00a0\u00bb][vc_empty_space height=\u00a0\u00bb52px\u00a0\u00bb][vc_single_image image=\u00a0\u00bb6625&Prime; img_size=\u00a0\u00bbfull\u00a0\u00bb][vc_empty_space height=\u00a0\u00bb52px\u00a0\u00bb][\/vc_column_inner][vc_column_inner width=\u00a0\u00bb1\/2&Prime; css=\u00a0\u00bb.vc_custom_1639494570247{margin-top: 0px !important;padding-top: 0px !important;}\u00a0\u00bb][vc_empty_space height=\u00a0\u00bb52px\u00a0\u00bb][vc_single_image image=\u00a0\u00bb6626&Prime; img_size=\u00a0\u00bbfull\u00a0\u00bb][vc_empty_space height=\u00a0\u00bb52px\u00a0\u00bb][\/vc_column_inner][\/vc_row_inner][\/vc_column][vc_column width=\u00a0\u00bb1\/2&Prime; css=\u00a0\u00bb.vc_custom_1639492498736{padding-right: 20px !important;padding-left: 20px !important;}\u00a0\u00bb][vc_empty_space height=\u00a0\u00bb52px\u00a0\u00bb][vc_column_text el_class=\u00a0\u00bbpad-p\u00a0\u00bb css=\u00a0\u00bb.vc_custom_1718025226173{padding-right: 15px !important;padding-left: 15px !important;}\u00a0\u00bb]<\/p>\n<h3>\u00a0\u00bb VOUS POURREZ D\u00c9GUSTER AU FIL DES SAISONS NOTRE CUISINE AUX SAVEURS PROVEN\u00c7ALES \u00ab\u00a0<\/h3>\n<p>Nous r\u00e9pondons \u00e0 toutes vos demandes d\u2019organisation de repas festifs, aux tarifs de groupes, pour vos r\u00e9unions de famille ou entre amis, \u00e0 partir de 36 \u20ac tout compris (minimum 20 personnes).Pour vos s\u00e9jours en Provence notre formule demi-pension r\u00e9jouira vos papilles ; le repas demi-pension vous offre un choix de 3 entr\u00e9es, 3 plats principaux et 3 desserts dont une entr\u00e9e, un plat et un dessert diff\u00e9rent chaque jour.<\/p>\n<p><strong>Note \u00e9tablissement a \u00e9t\u00e9 distingu\u00e9 \u00ab Logis Bacchus \u00bb par Les logis de France, nous vous proposons un choix attractif de vins de la r\u00e9gion.<br \/>\n<\/strong>Service accueil r\u00e9ception de 7h30 \u00e0 21h30<br \/>\nPetit d\u00e9jeuner 7h30 \u00e0 10h.<br \/>\nRestaurant 12h15 \u00e0 13h15 et de 19h15 \u00e0 21h15 soir[\/vc_column_text][vc_empty_space el_class=\u00a0\u00bbhidden-xs\u00a0\u00bb][\/vc_column][\/vc_row][vc_row layout=\u00a0\u00bbboxed\u00a0\u00bb css=\u00a0\u00bb.vc_custom_1638969689647{margin-top: -30px !important;padding-top: 10px !important;padding-bottom: 10px !important;}\u00a0\u00bb][vc_column css=\u00a0\u00bb.vc_custom_1632840075904{padding-top: 30px !important;padding-bottom: 30px !important;}\u00a0\u00bb][vc_row_inner layout=\u00a0\u00bbboxed\u00a0\u00bb][vc_column_inner][vc_empty_space][vc_text_separator title=\u00a0\u00bb***\u00a0\u00bb color=\u00a0\u00bbcustom\u00a0\u00bb accent_color=\u00a0\u00bb#8c8c8c\u00a0\u00bb][vc_empty_space height=\u00a0\u00bb42px\u00a0\u00bb][vc_column_text]<\/p>\n<h3 style=\"text-align: center;\">QUELQUES PHOTOS<\/h3>\n<p>[\/vc_column_text][\/vc_column_inner][\/vc_row_inner][\/vc_column][\/vc_row][vc_row css=\u00a0\u00bb.vc_custom_1639407631531{margin-top: -30px !important;padding-top: 10px !important;padding-bottom: 10px !important;background-color: #f7f7f7 !important;}\u00a0\u00bb][vc_column css=\u00a0\u00bb.vc_custom_1632840075904{padding-top: 30px !important;padding-bottom: 30px !important;}\u00a0\u00bb][vc_row_inner el_class=\u00a0\u00bbmarges-cotes\u00a0\u00bb][vc_column_inner][vc_empty_space][vc_masonry_media_grid grid_id=\u00a0\u00bbvc_gid:1718025208797-f066c11f-a631-4&Prime; include=\u00a0\u00bb6640,6641,6642,6643,6644,6645&Prime;][\/vc_column_inner][\/vc_row_inner][\/vc_column][\/vc_row][vc_row css=\u00a0\u00bb.vc_custom_1639043623334{background-color: #f7f7f7 !important;}\u00a0\u00bb][vc_column][vc_empty_space height=\u00a0\u00bb52px\u00a0\u00bb][\/vc_column][\/vc_row]<\/p>\n","protected":false},"excerpt":{"rendered":"<p>[vc_row css=\u00a0\u00bb.vc_custom_1639487803031{padding-top: 40px !important;padding-bottom: 40px !important;background: #eaeaea url(https:\/\/groupevirtualtech.fr\/cedres\/wp-content\/uploads\/2021\/12\/hotel-header.jpg?id=6582) !important;background-position: center !important;background-repeat: no-repeat !important;background-size: cover !important;}\u00a0\u00bb][vc_column][vc_row_inner el_class=\u00a0\u00bbmarges-cotes\u00a0\u00bb][vc_column_inner css=\u00a0\u00bb.vc_custom_1639046684119{padding-left: 25px !important;}\u00a0\u00bb][vc_column_text] LE RESTAURANT [\/vc_column_text][\/vc_column_inner][\/vc_row_inner][\/vc_column][\/vc_row][vc_row css=\u00a0\u00bb.vc_custom_1639484890543{margin-right: 0px !important;margin-left: 0px !important;padding-top: 0px !important;background-color: #f7f7f7 !important;}\u00a0\u00bb el_class=\u00a0\u00bbmarges-cotes\u00a0\u00bb][vc_column width=\u00a0\u00bb1\/2&Prime; css=\u00a0\u00bb.vc_custom_1639492498736{padding-right: 20px !important;padding-left: 20px !important;}\u00a0\u00bb][vc_empty_space height=\u00a0\u00bb100px\u00a0\u00bb][vc_column_text el_class=\u00a0\u00bbpad-p\u00a0\u00bb css=\u00a0\u00bb.vc_custom_1718025155252{padding-right: 15px !important;padding-left: 15px !important;}\u00a0\u00bb] RESTAURANT Le restaurant et sa pergola ouverte sur le jardin [&hellip;]<\/p>\n","protected":false},"author":1,"featured_media":0,"parent":0,"menu_order":0,"comment_status":"closed","ping_status":"closed","template":"","meta":{"footnotes":""},"class_list":["post-6618","page","type-page","status-publish","hentry"],"_links":{"self":[{"href":"https:\/\/groupevirtualtech.fr\/cedres\/wp-json\/wp\/v2\/pages\/6618","targetHints":{"allow":["GET"]}}],"collection":[{"href":"https:\/\/groupevirtualtech.fr\/cedres\/wp-json\/wp\/v2\/pages"}],"about":[{"href":"https:\/\/groupevirtualtech.fr\/cedres\/wp-json\/wp\/v2\/types\/page"}],"author":[{"embeddable":true,"href":"https:\/\/groupevirtualtech.fr\/cedres\/wp-json\/wp\/v2\/users\/1"}],"replies":[{"embeddable":true,"href":"https:\/\/groupevirtualtech.fr\/cedres\/wp-json\/wp\/v2\/comments?post=6618"}],"version-history":[{"count":18,"href":"https:\/\/groupevirtualtech.fr\/cedres\/wp-json\/wp\/v2\/pages\/6618\/revisions"}],"predecessor-version":[{"id":6790,"href":"https:\/\/groupevirtualtech.fr\/cedres\/wp-json\/wp\/v2\/pages\/6618\/revisions\/6790"}],"wp:attachment":[{"href":"https:\/\/groupevirtualtech.fr\/cedres\/wp-json\/wp\/v2\/media?parent=6618"}],"curies":[{"name":"wp","href":"https:\/\/api.w.org\/{rel}","templated":true}]}}

<p>[vc_row css= ».vc_custom_1639487803031{padding-top: 40px !important;padding-bottom: 40px !important;background: #eaeaea url(https://groupevirtualtech.fr/cedres/wp-content/uploads/2021/12/hotel-header.jpg?id=6582) !important;background-position: center !important;background-repeat: no-repeat !important;background-size: cover !important;} »][vc_column][vc_row_inner el_class= »marges-cotes »][vc_column_inner css= ».vc_custom_1639046684119{padding-left: 25px !important;} »][vc_column_text]</p>
<h1>LE RESTAURANT</h1>
<p>[/vc_column_text][/vc_column_inner][/vc_row_inner][/vc_column][/vc_row][vc_row css= ».vc_custom_1639484890543{margin-right: 0px !important;margin-left: 0px !important;padding-top: 0px !important;background-color: #f7f7f7 !important;} » el_class= »marges-cotes »][vc_column width= »1/2&Prime; css= ».vc_custom_1639492498736{padding-right: 20px !important;padding-left: 20px !important;} »][vc_empty_space height= »100px »][vc_column_text el_class= »pad-p » css= ».vc_custom_1718025155252{padding-right: 15px !important;padding-left: 15px !important;} »]</p>
<h3 style="text-align: left;"><strong>RESTAURANT</strong></h3>
<p><strong>Le restaurant et sa pergola ouverte sur le jardin invitent à la découverte&#8230; de la Provence des traditions gourmandes</strong></p>
<p>*** Vous pourrez déguster au fil des saisons et des marchés notre cuisine aux saveurs provençales.</p>
<p>Nous vous proposons des menus à 36 € et 55 € et un menu enfant (- de 12 ans) à 13 € et une carte variée.</p>
<p>Le restaurant est ouvert tous les jours sauf le lundi midi, excepté les jours fériés et pendant le festival où il est ouvert 7 jours sur 7.</p>
<p><strong>Le restaurant est accessible aux PMR</strong>[/vc_column_text][vc_empty_space el_class= »hidden-xs »][vc_row_inner css= ».vc_custom_1635171073613{margin-top: 20px !important;margin-right: 20px !important;margin-bottom: 20px !important;margin-left: 20px !important;padding-top: 10px !important;padding-right: 10px !important;padding-bottom: 10px !important;padding-left: 10px !important;} »][vc_column_inner css= ».vc_custom_1638966946111{margin-left: 0px !important;padding-left: 0px !important;} »][vc_btn title= »DÉCOUVRIR NOTRE CARTE ET MENUS » style= »flat » shape= »square » align= »center » css= ».vc_custom_1639571941523{margin-left: 0px !important;padding-left: 0px !important;} » link= »url:https%3A%2F%2Fgroupevirtualtech.fr%2Fcedres%2Fcarte-et-menus%2F|title:CARTE%20ET%20MENUS »][/vc_column_inner][/vc_row_inner][/vc_column][vc_column width= »1/2&Prime; css= ».vc_custom_1639042721844{margin-top: 0px !important;margin-bottom: 0px !important;padding-top: 0px !important;padding-bottom: 0px !important;padding-left: 0px !important;background-position: center !important;background-repeat: no-repeat !important;background-size: cover !important;} »][vc_row_inner css= ».vc_custom_1639494726933{margin-top: 0px !important;margin-bottom: 0px !important;padding-top: 0px !important;padding-bottom: 0px !important;background-position: center !important;background-repeat: no-repeat !important;background-size: cover !important;} »][vc_column_inner css= ».vc_custom_1639493802885{background-position: center !important;background-repeat: no-repeat !important;background-size: cover !important;} »][vc_empty_space height= »52px »][vc_single_image image= »6632&Prime; img_size= »full »][/vc_column_inner][/vc_row_inner][/vc_column][/vc_row][vc_row css= ».vc_custom_1639493906020{margin-right: 0px !important;margin-left: 0px !important;padding-top: 0px !important;} » el_class= »marges-cotes »][vc_column width= »1/2&Prime; css= ».vc_custom_1639042721844{margin-top: 0px !important;margin-bottom: 0px !important;padding-top: 0px !important;padding-bottom: 0px !important;padding-left: 0px !important;background-position: center !important;background-repeat: no-repeat !important;background-size: cover !important;} »][vc_row_inner css= ».vc_custom_1639494666367{margin-top: 0px !important;margin-bottom: 0px !important;padding-top: 0px !important;padding-bottom: 0px !important;background-position: center !important;background-repeat: no-repeat !important;background-size: cover !important;} »][vc_column_inner width= »1/2&Prime; css= ».vc_custom_1639494575545{margin-top: 0px !important;padding-top: 0px !important;background-position: center !important;background-repeat: no-repeat !important;background-size: cover !important;} »][vc_empty_space height= »52px »][vc_single_image image= »6625&Prime; img_size= »full »][vc_empty_space height= »52px »][/vc_column_inner][vc_column_inner width= »1/2&Prime; css= ».vc_custom_1639494570247{margin-top: 0px !important;padding-top: 0px !important;} »][vc_empty_space height= »52px »][vc_single_image image= »6626&Prime; img_size= »full »][vc_empty_space height= »52px »][/vc_column_inner][/vc_row_inner][/vc_column][vc_column width= »1/2&Prime; css= ».vc_custom_1639492498736{padding-right: 20px !important;padding-left: 20px !important;} »][vc_empty_space height= »52px »][vc_column_text el_class= »pad-p » css= ».vc_custom_1718025226173{padding-right: 15px !important;padding-left: 15px !important;} »]</p>
<h3> » VOUS POURREZ DÉGUSTER AU FIL DES SAISONS NOTRE CUISINE AUX SAVEURS PROVENÇALES « </h3>
<p>Nous répondons à toutes vos demandes d’organisation de repas festifs, aux tarifs de groupes, pour vos réunions de famille ou entre amis, à partir de 36 € tout compris (minimum 20 personnes).Pour vos séjours en Provence notre formule demi-pension réjouira vos papilles ; le repas demi-pension vous offre un choix de 3 entrées, 3 plats principaux et 3 desserts dont une entrée, un plat et un dessert différent chaque jour.</p>
<p><strong>Note établissement a été distingué « Logis Bacchus » par Les logis de France, nous vous proposons un choix attractif de vins de la région.<br />
</strong>Service accueil réception de 7h30 à 21h30<br />
Petit déjeuner 7h30 à 10h.<br />
Restaurant 12h15 à 13h15 et de 19h15 à 21h15 soir[/vc_column_text][vc_empty_space el_class= »hidden-xs »][/vc_column][/vc_row][vc_row layout= »boxed » css= ».vc_custom_1638969689647{margin-top: -30px !important;padding-top: 10px !important;padding-bottom: 10px !important;} »][vc_column css= ».vc_custom_1632840075904{padding-top: 30px !important;padding-bottom: 30px !important;} »][vc_row_inner layout= »boxed »][vc_column_inner][vc_empty_space][vc_text_separator title= »*** » color= »custom » accent_color= »#8c8c8c »][vc_empty_space height= »42px »][vc_column_text]</p>
<h3 style="text-align: center;">QUELQUES PHOTOS</h3>
<p>[/vc_column_text][/vc_column_inner][/vc_row_inner][/vc_column][/vc_row][vc_row css= ».vc_custom_1639407631531{margin-top: -30px !important;padding-top: 10px !important;padding-bottom: 10px !important;background-color: #f7f7f7 !important;} »][vc_column css= ».vc_custom_1632840075904{padding-top: 30px !important;padding-bottom: 30px !important;} »][vc_row_inner el_class= »marges-cotes »][vc_column_inner][vc_empty_space][vc_masonry_media_grid grid_id= »vc_gid:1718025208797-f066c11f-a631-4&Prime; include= »6640,6641,6642,6643,6644,6645&Prime;][/vc_column_inner][/vc_row_inner][/vc_column][/vc_row][vc_row css= ».vc_custom_1639043623334{background-color: #f7f7f7 !important;} »][vc_column][vc_empty_space height= »52px »][/vc_column][/vc_row]</p>
