{"id":6366,"date":"2021-12-08T16:32:55","date_gmt":"2021-12-08T15:32:55","guid":{"rendered":"https:\/\/groupevirtualtech.fr\/hurtault\/?page_id=6366"},"modified":"2024-06-10T17:16:32","modified_gmt":"2024-06-10T15:16:32","slug":"hotel-villeneuve-les-avignon-30","status":"publish","type":"page","link":"https:\/\/groupevirtualtech.fr\/cedres\/hotel-villeneuve-les-avignon-30\/","title":{"rendered":"L&rsquo;H\u00d4TEL LES C\u00c8DRES"},"content":{"rendered":"<p>[vc_row css=\u00a0\u00bb.vc_custom_1639487803031{padding-top: 40px !important;padding-bottom: 40px !important;background: #eaeaea url(https:\/\/groupevirtualtech.fr\/cedres\/wp-content\/uploads\/2021\/12\/hotel-header.jpg?id=6582) !important;background-position: center !important;background-repeat: no-repeat !important;background-size: cover !important;}\u00a0\u00bb][vc_column][vc_row_inner el_class=\u00a0\u00bbmarges-cotes\u00a0\u00bb][vc_column_inner css=\u00a0\u00bb.vc_custom_1639046684119{padding-left: 25px !important;}\u00a0\u00bb][vc_column_text]<\/p>\n<h1>L&rsquo;H\u00d4TEL<\/h1>\n<p>[\/vc_column_text][\/vc_column_inner][\/vc_row_inner][\/vc_column][\/vc_row][vc_row css=\u00a0\u00bb.vc_custom_1639480263875{margin-right: 0px !important;margin-left: 0px !important;padding-top: 0px !important;}\u00a0\u00bb el_class=\u00a0\u00bbmarges-cotes menus\u00a0\u00bb][vc_column width=\u00a0\u00bb1\/2&Prime; css=\u00a0\u00bb.vc_custom_1639042243020{margin-top: 0px !important;margin-bottom: 0px !important;padding-top: 0px !important;padding-bottom: 0px !important;background-position: center !important;background-repeat: no-repeat !important;background-size: cover !important;}\u00a0\u00bb][vc_row_inner css=\u00a0\u00bb.vc_custom_1639042819264{margin-top: 0px !important;margin-bottom: 0px !important;padding-top: 0px !important;padding-bottom: 0px !important;background-position: center !important;background-repeat: no-repeat !important;background-size: cover !important;}\u00a0\u00bb][vc_column_inner css=\u00a0\u00bb.vc_custom_1639489528012{padding-top: 440px !important;background-image: url(https:\/\/groupevirtualtech.fr\/cedres\/wp-content\/uploads\/2021\/12\/hotel-facade.jpg?id=6584) !important;background-position: center !important;background-repeat: no-repeat !important;background-size: cover !important;}\u00a0\u00bb][vc_empty_space height=\u00a0\u00bb52px\u00a0\u00bb][\/vc_column_inner][\/vc_row_inner][\/vc_column][vc_column width=\u00a0\u00bb1\/2&Prime; el_class=\u00a0\u00bbbg_co\u00a0\u00bb css=\u00a0\u00bb.vc_custom_1639480145939{padding-left: 25px !important;}\u00a0\u00bb][vc_row_inner][vc_column_inner][vc_empty_space height=\u00a0\u00bb52px\u00a0\u00bb][vc_column_text el_class=\u00a0\u00bbpad-p\u00a0\u00bb css=\u00a0\u00bb.vc_custom_1718025047553{padding-right: 15px !important;padding-left: 15px !important;}\u00a0\u00bb]<\/p>\n<h2 style=\"text-align: left;\"><span style=\"color: #000000;\">L&rsquo;H\u00d4TEL LES C\u00c8DRES<\/span><\/h2>\n<p><strong>L&rsquo;escalier de pierre, les vasques de terre cuite d\u00e9bordant de fleurs, les lavandes, les lauriers et autres essences m\u00e9ridionales respirent les doux parfums de ce pays du soleil.<\/strong><\/p>\n<p>*** Charmeuses, les 20 chambres regardent les fleurs et les frondaisons. Toutes sont \u00e9quip\u00e9es de TV, Wifi, minibar, s\u00e8che-cheveux, t\u00e9l\u00e9phone direct et climatisation. Parking ferm\u00e9, ch\u00e8ques vacances accept\u00e9s.<br \/>\n*** Point bleu dans le parc : la piscine chauff\u00e9e \u00e0 mi-saison et sa terrasse pour savourer la fra\u00eecheur au coeur de l&rsquo;\u00e9t\u00e9 proven\u00e7al.<br \/>\n*** D\u00e8s la belle saison vous pourrez savourer votre petit-d\u00e9jeuner sur la terrasse du restaurant.<\/p>\n<p>Service accueil r\u00e9ception de 7h30 \u00e0 21h30<br \/>\nPetit d\u00e9jeuner 7h30 \u00e0 10h<br \/>\nRestaurant 12h15 \u00e0 13h15 et de 19h15 \u00e0 21h15[\/vc_column_text][vc_empty_space height=\u00a0\u00bb22px\u00a0\u00bb][\/vc_column_inner][\/vc_row_inner][\/vc_column][\/vc_row][vc_row css=\u00a0\u00bb.vc_custom_1639484890543{margin-right: 0px !important;margin-left: 0px !important;padding-top: 0px !important;background-color: #f7f7f7 !important;}\u00a0\u00bb el_class=\u00a0\u00bbmarges-cotes\u00a0\u00bb][vc_column width=\u00a0\u00bb1\/2&Prime; css=\u00a0\u00bb.vc_custom_1639485162150{padding-left: 30px !important;}\u00a0\u00bb][vc_empty_space height=\u00a0\u00bb52px\u00a0\u00bb][vc_column_text]<\/p>\n<h3 style=\"text-align: center;\">20 CHAMBRES \u00c9QUIP\u00c9ES<\/h3>\n<p style=\"text-align: center;\">TV &#8211; WIFI &#8211; CLIMATISATION &#8211; PARKING &#8211; PISCINE<\/p>\n<p>[\/vc_column_text][vc_empty_space el_class=\u00a0\u00bbhidden-xs\u00a0\u00bb][vc_single_image image=\u00a0\u00bb6576&Prime; img_size=\u00a0\u00bbfull\u00a0\u00bb alignment=\u00a0\u00bbcenter\u00a0\u00bb][\/vc_column][vc_column width=\u00a0\u00bb1\/2&Prime; css=\u00a0\u00bb.vc_custom_1639042721844{margin-top: 0px !important;margin-bottom: 0px !important;padding-top: 0px !important;padding-bottom: 0px !important;padding-left: 0px !important;background-position: center !important;background-repeat: no-repeat !important;background-size: cover !important;}\u00a0\u00bb][vc_row_inner css=\u00a0\u00bb.vc_custom_1639489653074{margin-top: 0px !important;margin-bottom: 0px !important;padding-top: 0px !important;padding-bottom: 0px !important;background-position: center !important;background-repeat: no-repeat !important;background-size: cover !important;}\u00a0\u00bb el_class=\u00a0\u00bbhidden-xs\u00a0\u00bb][vc_column_inner css=\u00a0\u00bb.vc_custom_1639489556217{padding-top: 440px !important;background-image: url(https:\/\/groupevirtualtech.fr\/cedres\/wp-content\/uploads\/2021\/12\/chambre-cedres.jpg?id=6564) !important;background-position: center !important;background-repeat: no-repeat !important;background-size: cover !important;}\u00a0\u00bb][vc_empty_space height=\u00a0\u00bb52px\u00a0\u00bb][\/vc_column_inner][\/vc_row_inner][\/vc_column][\/vc_row][vc_row css=\u00a0\u00bb.vc_custom_1639043623334{background-color: #f7f7f7 !important;}\u00a0\u00bb][vc_column][vc_empty_space height=\u00a0\u00bb52px\u00a0\u00bb][vc_column_text]<\/p>\n<p style=\"text-align: center;\"><strong>VOUS SOUHAITEZ EFFECTUER UNE R\u00c9SERVATION ?<\/strong><\/p>\n<p style=\"text-align: center;\"><strong>VEUILLEZ CLIQUER SUR LE BOUTON R\u00c9SERVATION CI-DESSOUS<\/strong><\/p>\n<p>[\/vc_column_text][vc_empty_space height=\u00a0\u00bb10px\u00a0\u00bb][vc_column_text]<\/p>\n<p style=\"text-align: center;\"><button class=\"ReservitBookingButton\">RESERVATION<\/button><\/p>\n<div class=\"iframeClose\" style=\"display: none; z-index: 999; position: fixed; top: 10px; right: 40px; color: #000; font-size: 30px; cursor: pointer; font-family: Arial;\">x<\/div>\n<p><iframe id=\"ReservitBookingIframe\" style=\"z-index: 100000; opacity: 1; border: none; width: 100%; height: 100%; position: fixed; transform: translateY(0px); background: #fff; top: 0; bottom: 0; left: 0; right: 0; transition: transform 450ms cubic-bezier(0.23, 1, 0.32, 1), opacity 450ms cubic-bezier(0.23, 1, 0.32, 1); display: none;\" src=\"https:\/\/secure.reservit.com\/fo\/booking\/233\/1038\/dates?specialMode=default&amp;mode=light&amp;langcode=FR&amp;m=booking\"><\/iframe>[\/vc_column_text][vc_empty_space height=\u00a0\u00bb52px\u00a0\u00bb][vc_column_text]<script>\n    jQuery(document).ready(function() {\n        jQuery(\".ReservitBookingButton\").click(function () {\n            if (jQuery(this).hasClass(\"iframeShow\")) {\n                jQuery(this).removeClass(\"iframeShow\");\n                jQuery(\"iframe#ReservitBookingIframe, .iframeClose\").hide(\"slow\");\n            } else {\n                jQuery(this).addClass(\"iframeShow\");\n                jQuery(\"iframe#ReservitBookingIframe, .iframeClose\").show(\"slow\");\n                jQuery(\"iframe#ReservitBookingIframe\").css(\"z-index\", \"1\");\n            }\n        });\n        jQuery(\".iframeClose\").click(function () {\n            jQuery(\".ReservitBookingButton\").removeClass(\"iframeShow\");\n            jQuery(\"iframe#ReservitBookingIframe, .iframeClose\").hide(\"slow\");\n        });\n    });\n<\/script>[\/vc_column_text][\/vc_column][\/vc_row][vc_row layout=\u00a0\u00bbboxed\u00a0\u00bb css=\u00a0\u00bb.vc_custom_1638969689647{margin-top: -30px !important;padding-top: 10px !important;padding-bottom: 10px !important;}\u00a0\u00bb][vc_column css=\u00a0\u00bb.vc_custom_1632840075904{padding-top: 30px !important;padding-bottom: 30px !important;}\u00a0\u00bb][vc_row_inner layout=\u00a0\u00bbboxed\u00a0\u00bb][vc_column_inner][vc_empty_space][vc_text_separator title=\u00a0\u00bb***\u00a0\u00bb color=\u00a0\u00bbcustom\u00a0\u00bb accent_color=\u00a0\u00bb#8c8c8c\u00a0\u00bb][vc_empty_space height=\u00a0\u00bb42px\u00a0\u00bb][vc_column_text]<\/p>\n<h3 style=\"text-align: center;\">QUELQUES PHOTOS<\/h3>\n<p>[\/vc_column_text][\/vc_column_inner][\/vc_row_inner][\/vc_column][\/vc_row][vc_row css=\u00a0\u00bb.vc_custom_1639407631531{margin-top: -30px !important;padding-top: 10px !important;padding-bottom: 10px !important;background-color: #f7f7f7 !important;}\u00a0\u00bb][vc_column css=\u00a0\u00bb.vc_custom_1632840075904{padding-top: 30px !important;padding-bottom: 30px !important;}\u00a0\u00bb][vc_row_inner el_class=\u00a0\u00bbmarges-cotes\u00a0\u00bb][vc_column_inner][vc_empty_space][vc_masonry_media_grid grid_id=\u00a0\u00bbvc_gid:1718032550860-5223e211-b339-10&Prime; include=\u00a0\u00bb6591,6587,6588,6589,6593,6592&Prime;][\/vc_column_inner][\/vc_row_inner][\/vc_column][\/vc_row][vc_row css=\u00a0\u00bb.vc_custom_1639043623334{background-color: #f7f7f7 !important;}\u00a0\u00bb][vc_column][vc_empty_space height=\u00a0\u00bb52px\u00a0\u00bb][\/vc_column][\/vc_row]<\/p>\n","protected":false},"excerpt":{"rendered":"<p>[vc_row css=\u00a0\u00bb.vc_custom_1639487803031{padding-top: 40px !important;padding-bottom: 40px !important;background: #eaeaea url(https:\/\/groupevirtualtech.fr\/cedres\/wp-content\/uploads\/2021\/12\/hotel-header.jpg?id=6582) !important;background-position: center !important;background-repeat: no-repeat !important;background-size: cover !important;}\u00a0\u00bb][vc_column][vc_row_inner el_class=\u00a0\u00bbmarges-cotes\u00a0\u00bb][vc_column_inner css=\u00a0\u00bb.vc_custom_1639046684119{padding-left: 25px !important;}\u00a0\u00bb][vc_column_text] L&rsquo;H\u00d4TEL [\/vc_column_text][\/vc_column_inner][\/vc_row_inner][\/vc_column][\/vc_row][vc_row css=\u00a0\u00bb.vc_custom_1639480263875{margin-right: 0px !important;margin-left: 0px !important;padding-top: 0px !important;}\u00a0\u00bb el_class=\u00a0\u00bbmarges-cotes menus\u00a0\u00bb][vc_column width=\u00a0\u00bb1\/2&Prime; css=\u00a0\u00bb.vc_custom_1639042243020{margin-top: 0px !important;margin-bottom: 0px !important;padding-top: 0px !important;padding-bottom: 0px !important;background-position: center !important;background-repeat: no-repeat !important;background-size: cover !important;}\u00a0\u00bb][vc_row_inner css=\u00a0\u00bb.vc_custom_1639042819264{margin-top: 0px !important;margin-bottom: 0px !important;padding-top: 0px !important;padding-bottom: 0px !important;background-position: [&hellip;]<\/p>\n","protected":false},"author":1,"featured_media":0,"parent":0,"menu_order":0,"comment_status":"closed","ping_status":"closed","template":"","meta":{"footnotes":""},"class_list":["post-6366","page","type-page","status-publish","hentry"],"_links":{"self":[{"href":"https:\/\/groupevirtualtech.fr\/cedres\/wp-json\/wp\/v2\/pages\/6366","targetHints":{"allow":["GET"]}}],"collection":[{"href":"https:\/\/groupevirtualtech.fr\/cedres\/wp-json\/wp\/v2\/pages"}],"about":[{"href":"https:\/\/groupevirtualtech.fr\/cedres\/wp-json\/wp\/v2\/types\/page"}],"author":[{"embeddable":true,"href":"https:\/\/groupevirtualtech.fr\/cedres\/wp-json\/wp\/v2\/users\/1"}],"replies":[{"embeddable":true,"href":"https:\/\/groupevirtualtech.fr\/cedres\/wp-json\/wp\/v2\/comments?post=6366"}],"version-history":[{"count":73,"href":"https:\/\/groupevirtualtech.fr\/cedres\/wp-json\/wp\/v2\/pages\/6366\/revisions"}],"predecessor-version":[{"id":6833,"href":"https:\/\/groupevirtualtech.fr\/cedres\/wp-json\/wp\/v2\/pages\/6366\/revisions\/6833"}],"wp:attachment":[{"href":"https:\/\/groupevirtualtech.fr\/cedres\/wp-json\/wp\/v2\/media?parent=6366"}],"curies":[{"name":"wp","href":"https:\/\/api.w.org\/{rel}","templated":true}]}}