{"id":2842,"date":"2015-10-15T07:39:26","date_gmt":"2015-10-15T07:39:26","guid":{"rendered":"https:\/\/groupevirtualtech.fr\/WOLVERINE\/?page_id=2842"},"modified":"2021-12-15T14:54:07","modified_gmt":"2021-12-15T13:54:07","slug":"home-alternative-2","status":"publish","type":"page","link":"https:\/\/groupevirtualtech.fr\/cedres\/","title":{"rendered":"ACCUEIL"},"content":{"rendered":"<p>[vc_row][vc_column][rev_slider_vc alias=\u00a0\u00bbhome-left-menu\u00a0\u00bb][\/vc_column][\/vc_row][vc_row][vc_column][vc_row_inner el_class=\u00a0\u00bbmarges-cotes\u00a0\u00bb][vc_column_inner width=\u00a0\u00bb1\/2&Prime;][vc_empty_space height=\u00a0\u00bb90px\u00a0\u00bb][vc_column_text el_class=\u00a0\u00bbpad-p\u00a0\u00bb]<\/p>\n<h1 style=\"text-align: left;\">L&rsquo;H\u00d4TEL LES C\u00c8DRES VOUS R\u00c9SERVE UN S\u00c9JOUR AGR\u00c9ABLE EN PROVENCE C\u00d4T\u00c9 LANGUEDOC.<\/h1>\n<p>*** Les c\u00e8dres majestueux qui ornent le parc fleuri ont donn\u00e9 son nom \u00e0 cette maison aux allures de castel, n\u00e9e \u00e0 la fin du XVIII\u00e8me si\u00e8cle <strong>au coeur de la Provence avignonnaise.<\/strong><\/p>\n<p>*** <strong>Notre h\u00f4tel<\/strong> est parfaitement situ\u00e9 <strong>\u00e0 3 km d&rsquo;Avignon<\/strong> et \u00e0 2 km du centre historique de Villeneuve, vous pourrez associer la d\u00e9couverte de ces villes et le plaisir du repos sous les c\u00e8dres.[\/vc_column_text][vc_empty_space height=\u00a0\u00bb45px\u00a0\u00bb][vc_text_separator title=\u00a0\u00bb***\u00a0\u00bb][\/vc_column_inner][vc_column_inner width=\u00a0\u00bb1\/2&Prime;][vc_empty_space height=\u00a0\u00bb50px\u00a0\u00bb][vc_single_image image=\u00a0\u00bb6493&Prime; img_size=\u00a0\u00bbfull\u00a0\u00bb][\/vc_column_inner][\/vc_row_inner][\/vc_column][\/vc_row][vc_row css=\u00a0\u00bb.vc_custom_1639406136032{margin-top: 40px !important;margin-right: 0px !important;margin-left: 0px !important;padding-top: 30px !important;padding-right: 0px !important;padding-bottom: 30px !important;padding-left: 0px !important;background-color: #f4f4f4 !important;}\u00a0\u00bb][vc_column el_class=\u00a0\u00bbbg_menus\u00a0\u00bb][vc_row_inner el_class=\u00a0\u00bbmarges-cotes\u00a0\u00bb][vc_column_inner width=\u00a0\u00bb1\/4&Prime;][vc_single_image image=\u00a0\u00bb6507&Prime; img_size=\u00a0\u00bbfull\u00a0\u00bb alignment=\u00a0\u00bbcenter\u00a0\u00bb style=\u00a0\u00bbvc_box_border_circle_2&Prime;][vc_empty_space height=\u00a0\u00bb22px\u00a0\u00bb][vc_column_text el_class=\u00a0\u00bbpad-p\u00a0\u00bb]<\/p>\n<h2 style=\"text-align: center;\"><span style=\"color: #000000;\">L&rsquo;H\u00d4TEL<\/span><\/h2>\n<p style=\"text-align: center;\">Descriptif de l&rsquo;H\u00f4tel Les C\u00e8dres<\/p>\n<p>[\/vc_column_text][vc_empty_space][vc_btn title=\u00a0\u00bbD\u00c9COUVRIR\u00a0\u00bb style=\u00a0\u00bboutline\u00a0\u00bb shape=\u00a0\u00bbsquare\u00a0\u00bb color=\u00a0\u00bbblack\u00a0\u00bb align=\u00a0\u00bbcenter\u00a0\u00bb link=\u00a0\u00bburl:https%3A%2F%2Fgroupevirtualtech.fr%2Fcedres%2Fhotel-villeneuve-les-avignon-30%2F\u00a0\u00bb css=\u00a0\u00bb.vc_custom_1639571360842{margin-left: 0px !important;padding-left: 0px !important;}\u00a0\u00bb][vc_empty_space][\/vc_column_inner][vc_column_inner width=\u00a0\u00bb1\/4&Prime;][vc_single_image image=\u00a0\u00bb6509&Prime; img_size=\u00a0\u00bbfull\u00a0\u00bb alignment=\u00a0\u00bbcenter\u00a0\u00bb style=\u00a0\u00bbvc_box_border_circle_2&Prime;][vc_empty_space height=\u00a0\u00bb22px\u00a0\u00bb][vc_column_text el_class=\u00a0\u00bbpad-p\u00a0\u00bb]<\/p>\n<h2 style=\"text-align: center;\"><span style=\"color: #000000;\">LES CHAMBRES<\/span><\/h2>\n<p style=\"text-align: center;\">20 Chambres \u00c9quip\u00e9es, dont une PMR<\/p>\n<p>[\/vc_column_text][vc_empty_space][vc_btn title=\u00a0\u00bbD\u00c9COUVRIR\u00a0\u00bb style=\u00a0\u00bboutline\u00a0\u00bb shape=\u00a0\u00bbsquare\u00a0\u00bb color=\u00a0\u00bbblack\u00a0\u00bb align=\u00a0\u00bbcenter\u00a0\u00bb link=\u00a0\u00bburl:https%3A%2F%2Fgroupevirtualtech.fr%2Fcedres%2Fhotel-villeneuve-les-avignon-30%2F\u00a0\u00bb css=\u00a0\u00bb.vc_custom_1639571341457{margin-left: 0px !important;padding-left: 0px !important;}\u00a0\u00bb][vc_empty_space][\/vc_column_inner][vc_column_inner width=\u00a0\u00bb1\/4&Prime;][vc_single_image image=\u00a0\u00bb6510&Prime; img_size=\u00a0\u00bbfull\u00a0\u00bb alignment=\u00a0\u00bbcenter\u00a0\u00bb style=\u00a0\u00bbvc_box_border_circle_2&Prime;][vc_empty_space height=\u00a0\u00bb22px\u00a0\u00bb][vc_column_text el_class=\u00a0\u00bbpad-p\u00a0\u00bb]<\/p>\n<h2 style=\"text-align: center;\"><span style=\"color: #000000;\">LE RESTAURANT<\/span><\/h2>\n<p style=\"text-align: center;\">La Provence des traditions gourmandes<\/p>\n<p>[\/vc_column_text][vc_empty_space][vc_btn title=\u00a0\u00bbD\u00c9COUVRIR\u00a0\u00bb style=\u00a0\u00bboutline\u00a0\u00bb shape=\u00a0\u00bbsquare\u00a0\u00bb color=\u00a0\u00bbblack\u00a0\u00bb align=\u00a0\u00bbcenter\u00a0\u00bb link=\u00a0\u00bburl:https%3A%2F%2Fgroupevirtualtech.fr%2Fcedres%2Frestaurant%2F\u00a0\u00bb css=\u00a0\u00bb.vc_custom_1639571348972{margin-left: 0px !important;padding-left: 0px !important;}\u00a0\u00bb][vc_empty_space][\/vc_column_inner][vc_column_inner width=\u00a0\u00bb1\/4&Prime;][vc_single_image image=\u00a0\u00bb6511&Prime; img_size=\u00a0\u00bbfull\u00a0\u00bb alignment=\u00a0\u00bbcenter\u00a0\u00bb style=\u00a0\u00bbvc_box_border_circle_2&Prime;][vc_empty_space height=\u00a0\u00bb22px\u00a0\u00bb][vc_column_text el_class=\u00a0\u00bbpad-p\u00a0\u00bb]<\/p>\n<h2 style=\"text-align: center;\"><span style=\"color: #000000;\">R\u00c9SERVATION<\/span><\/h2>\n<p style=\"text-align: center;\">Contactez-nous pour r\u00e9server<\/p>\n<p>[\/vc_column_text][vc_empty_space][vc_btn title=\u00a0\u00bbR\u00c9SERVER\u00a0\u00bb style=\u00a0\u00bboutline\u00a0\u00bb shape=\u00a0\u00bbsquare\u00a0\u00bb color=\u00a0\u00bbblack\u00a0\u00bb align=\u00a0\u00bbcenter\u00a0\u00bb link=\u00a0\u00bburl:https%3A%2F%2Fgroupevirtualtech.fr%2Fcedres%2Ftarifs-et-reservations%2F|title:R%C3%89SERVATION\u00a0\u00bb css=\u00a0\u00bb.vc_custom_1639571329588{margin-left: 0px !important;padding-left: 0px !important;}\u00a0\u00bb][vc_empty_space][\/vc_column_inner][\/vc_row_inner][\/vc_column][\/vc_row][vc_row css=\u00a0\u00bb.vc_custom_1639479998629{margin-right: 0px !important;margin-left: 0px !important;padding-top: 0px !important;}\u00a0\u00bb el_class=\u00a0\u00bbmarges-cotes\u00a0\u00bb][vc_column width=\u00a0\u00bb1\/2&Prime; css=\u00a0\u00bb.vc_custom_1639405632443{margin-top: 0px !important;margin-bottom: 0px !important;padding-top: 430px !important;padding-bottom: 0px !important;background-image: url(https:\/\/groupevirtualtech.fr\/cedres\/wp-content\/uploads\/2021\/12\/carte-restaurant-villeneuve-lez-avignon.jpg?id=6522) !important;background-position: center !important;background-repeat: no-repeat !important;background-size: cover !important;}\u00a0\u00bb][vc_row_inner css=\u00a0\u00bb.vc_custom_1632837201366{margin-top: 0px !important;margin-bottom: 0px !important;padding-top: 0px !important;padding-bottom: 0px !important;background-position: center !important;background-repeat: no-repeat !important;background-size: cover !important;}\u00a0\u00bb el_class=\u00a0\u00bbmarges-cote-gauche\u00a0\u00bb][vc_column_inner][vc_empty_space][\/vc_column_inner][\/vc_row_inner][\/vc_column][vc_column width=\u00a0\u00bb1\/2&Prime; el_class=\u00a0\u00bbbg_buffets\u00a0\u00bb][vc_row_inner][vc_column_inner][vc_empty_space height=\u00a0\u00bb152px\u00a0\u00bb][vc_column_text el_class=\u00a0\u00bbpad-p\u00a0\u00bb css=\u00a0\u00bb.vc_custom_1639405843860{padding-left: 35px !important;}\u00a0\u00bb]<\/p>\n<h3 style=\"text-align: left;\"><span style=\"color: #000000;\">D\u00c9COUVREZ NOTRE RESTAURANT\u00a0<\/span><\/h3>\n<p>Le restaurant et sa pergola ouverte sur le jardin invitent \u00e0 la d\u00e9couverte&#8230; de la Provence des traditions gourmandes. <strong>Vous pourrez d\u00e9guster au fil des saisons notre cuisine aux saveurs proven\u00e7ales.<\/strong>[\/vc_column_text][\/vc_column_inner][\/vc_row_inner][vc_empty_space][vc_row_inner css=\u00a0\u00bb.vc_custom_1635171073613{margin-top: 20px !important;margin-right: 20px !important;margin-bottom: 20px !important;margin-left: 20px !important;padding-top: 10px !important;padding-right: 10px !important;padding-bottom: 10px !important;padding-left: 10px !important;}\u00a0\u00bb][vc_column_inner width=\u00a0\u00bb1\/2&Prime; css=\u00a0\u00bb.vc_custom_1638966946111{margin-left: 0px !important;padding-left: 0px !important;}\u00a0\u00bb][vc_btn title=\u00a0\u00bbVOIR NOTRE CARTE ET NOS MENUS\u00a0\u00bb style=\u00a0\u00bbflat\u00a0\u00bb shape=\u00a0\u00bbsquare\u00a0\u00bb align=\u00a0\u00bbcenter\u00a0\u00bb button_block=\u00a0\u00bbtrue\u00a0\u00bb link=\u00a0\u00bburl:https%3A%2F%2Fgroupevirtualtech.fr%2Fcedres%2Fcarte-et-menus%2F|title:NOTRE%20CARTE%20ET%20NOS%20MENUS\u00a0\u00bb css=\u00a0\u00bb.vc_custom_1639576128493{margin-left: 0px !important;padding-left: 0px !important;}\u00a0\u00bb][\/vc_column_inner][\/vc_row_inner][\/vc_column][\/vc_row][vc_row layout=\u00a0\u00bbboxed\u00a0\u00bb css=\u00a0\u00bb.vc_custom_1639407727330{margin-top: -30px !important;padding-top: 10px !important;padding-bottom: 10px !important;}\u00a0\u00bb][vc_column css=\u00a0\u00bb.vc_custom_1632840075904{padding-top: 30px !important;padding-bottom: 30px !important;}\u00a0\u00bb][vc_row_inner layout=\u00a0\u00bbboxed\u00a0\u00bb][vc_column_inner][vc_empty_space][vc_text_separator title=\u00a0\u00bb***\u00a0\u00bb][vc_empty_space height=\u00a0\u00bb42px\u00a0\u00bb][vc_column_text]<\/p>\n<h2 style=\"text-align: center;\">QUELQUES PHOTOS&#8230;<\/h2>\n<p>[\/vc_column_text][\/vc_column_inner][\/vc_row_inner][\/vc_column][\/vc_row][vc_row css=\u00a0\u00bb.vc_custom_1639488444714{margin-top: -30px !important;padding-top: 10px !important;padding-bottom: 10px !important;background-color: #f7f7f7 !important;}\u00a0\u00bb][vc_column css=\u00a0\u00bb.vc_custom_1632840075904{padding-top: 30px !important;padding-bottom: 30px !important;}\u00a0\u00bb][vc_row_inner el_class=\u00a0\u00bbmarges-cotes\u00a0\u00bb][vc_column_inner][vc_empty_space][vc_masonry_media_grid grid_id=\u00a0\u00bbvc_gid:1639576430959-e3c7d5d9-0d07-1&Prime; include=\u00a0\u00bb6526,6527,6528,6529,6530,6531&Prime;][\/vc_column_inner][\/vc_row_inner][\/vc_column][\/vc_row][vc_row css=\u00a0\u00bb.vc_custom_1631698073746{margin-left: 0px !important;padding-left: 0px !important;background-color: #ffffff !important;}\u00a0\u00bb][vc_column css=\u00a0\u00bb.vc_custom_1631698083089{margin-left: 0px !important;padding-left: 0px !important;}\u00a0\u00bb][vc_row_inner css=\u00a0\u00bb.vc_custom_1638971678639{margin-left: 0px !important;padding-left: 0px !important;background-color: #f7f7f7 !important;}\u00a0\u00bb][vc_column_inner css=\u00a0\u00bb.vc_custom_1633963878811{padding-top: 20px !important;padding-right: 0px !important;padding-bottom: 20px !important;padding-left: 0px !important;}\u00a0\u00bb][vc_column_text][\/vc_column_text][\/vc_column_inner][\/vc_row_inner][\/vc_column][\/vc_row]<\/p>\n","protected":false},"excerpt":{"rendered":"<p>[vc_row][vc_column][rev_slider_vc alias=\u00a0\u00bbhome-left-menu\u00a0\u00bb][\/vc_column][\/vc_row][vc_row][vc_column][vc_row_inner el_class=\u00a0\u00bbmarges-cotes\u00a0\u00bb][vc_column_inner width=\u00a0\u00bb1\/2&Prime;][vc_empty_space height=\u00a0\u00bb90px\u00a0\u00bb][vc_column_text el_class=\u00a0\u00bbpad-p\u00a0\u00bb] L&rsquo;H\u00d4TEL LES C\u00c8DRES VOUS R\u00c9SERVE UN S\u00c9JOUR AGR\u00c9ABLE EN PROVENCE C\u00d4T\u00c9 LANGUEDOC. *** Les c\u00e8dres majestueux qui ornent le parc fleuri ont donn\u00e9 son nom \u00e0 cette maison aux allures de castel, n\u00e9e \u00e0 la fin du XVIII\u00e8me si\u00e8cle au coeur de la Provence avignonnaise. *** Notre h\u00f4tel est [&hellip;]<\/p>\n","protected":false},"author":1,"featured_media":0,"parent":0,"menu_order":0,"comment_status":"closed","ping_status":"closed","template":"","meta":{"footnotes":""},"class_list":["post-2842","page","type-page","status-publish","hentry"],"_links":{"self":[{"href":"https:\/\/groupevirtualtech.fr\/cedres\/wp-json\/wp\/v2\/pages\/2842","targetHints":{"allow":["GET"]}}],"collection":[{"href":"https:\/\/groupevirtualtech.fr\/cedres\/wp-json\/wp\/v2\/pages"}],"about":[{"href":"https:\/\/groupevirtualtech.fr\/cedres\/wp-json\/wp\/v2\/types\/page"}],"author":[{"embeddable":true,"href":"https:\/\/groupevirtualtech.fr\/cedres\/wp-json\/wp\/v2\/users\/1"}],"replies":[{"embeddable":true,"href":"https:\/\/groupevirtualtech.fr\/cedres\/wp-json\/wp\/v2\/comments?post=2842"}],"version-history":[{"count":294,"href":"https:\/\/groupevirtualtech.fr\/cedres\/wp-json\/wp\/v2\/pages\/2842\/revisions"}],"predecessor-version":[{"id":6489,"href":"https:\/\/groupevirtualtech.fr\/cedres\/wp-json\/wp\/v2\/pages\/2842\/revisions\/6489"}],"wp:attachment":[{"href":"https:\/\/groupevirtualtech.fr\/cedres\/wp-json\/wp\/v2\/media?parent=2842"}],"curies":[{"name":"wp","href":"https:\/\/api.w.org\/{rel}","templated":true}]}}

<p>[vc_row][vc_column][rev_slider_vc alias= »home-left-menu »][/vc_column][/vc_row][vc_row][vc_column][vc_row_inner el_class= »marges-cotes »][vc_column_inner width= »1/2&Prime;][vc_empty_space height= »90px »][vc_column_text el_class= »pad-p »]</p>
<h1 style="text-align: left;">L&rsquo;HÔTEL LES CÈDRES VOUS RÉSERVE UN SÉJOUR AGRÉABLE EN PROVENCE CÔTÉ LANGUEDOC.</h1>
<p>*** Les cèdres majestueux qui ornent le parc fleuri ont donné son nom à cette maison aux allures de castel, née à la fin du XVIIIème siècle <strong>au coeur de la Provence avignonnaise.</strong></p>
<p>*** <strong>Notre hôtel</strong> est parfaitement situé <strong>à 3 km d&rsquo;Avignon</strong> et à 2 km du centre historique de Villeneuve, vous pourrez associer la découverte de ces villes et le plaisir du repos sous les cèdres.[/vc_column_text][vc_empty_space height= »45px »][vc_text_separator title= »*** »][/vc_column_inner][vc_column_inner width= »1/2&Prime;][vc_empty_space height= »50px »][vc_single_image image= »6493&Prime; img_size= »full »][/vc_column_inner][/vc_row_inner][/vc_column][/vc_row][vc_row css= ».vc_custom_1639406136032{margin-top: 40px !important;margin-right: 0px !important;margin-left: 0px !important;padding-top: 30px !important;padding-right: 0px !important;padding-bottom: 30px !important;padding-left: 0px !important;background-color: #f4f4f4 !important;} »][vc_column el_class= »bg_menus »][vc_row_inner el_class= »marges-cotes »][vc_column_inner width= »1/4&Prime;][vc_single_image image= »6507&Prime; img_size= »full » alignment= »center » style= »vc_box_border_circle_2&Prime;][vc_empty_space height= »22px »][vc_column_text el_class= »pad-p »]</p>
<h2 style="text-align: center;"><span style="color: #000000;">L&rsquo;HÔTEL</span></h2>
<p style="text-align: center;">Descriptif de l&rsquo;Hôtel Les Cèdres</p>
<p>[/vc_column_text][vc_empty_space][vc_btn title= »DÉCOUVRIR » style= »outline » shape= »square » color= »black » align= »center » link= »url:https%3A%2F%2Fgroupevirtualtech.fr%2Fcedres%2Fhotel-villeneuve-les-avignon-30%2F » css= ».vc_custom_1639571360842{margin-left: 0px !important;padding-left: 0px !important;} »][vc_empty_space][/vc_column_inner][vc_column_inner width= »1/4&Prime;][vc_single_image image= »6509&Prime; img_size= »full » alignment= »center » style= »vc_box_border_circle_2&Prime;][vc_empty_space height= »22px »][vc_column_text el_class= »pad-p »]</p>
<h2 style="text-align: center;"><span style="color: #000000;">LES CHAMBRES</span></h2>
<p style="text-align: center;">20 Chambres Équipées, dont une PMR</p>
<p>[/vc_column_text][vc_empty_space][vc_btn title= »DÉCOUVRIR » style= »outline » shape= »square » color= »black » align= »center » link= »url:https%3A%2F%2Fgroupevirtualtech.fr%2Fcedres%2Fhotel-villeneuve-les-avignon-30%2F » css= ».vc_custom_1639571341457{margin-left: 0px !important;padding-left: 0px !important;} »][vc_empty_space][/vc_column_inner][vc_column_inner width= »1/4&Prime;][vc_single_image image= »6510&Prime; img_size= »full » alignment= »center » style= »vc_box_border_circle_2&Prime;][vc_empty_space height= »22px »][vc_column_text el_class= »pad-p »]</p>
<h2 style="text-align: center;"><span style="color: #000000;">LE RESTAURANT</span></h2>
<p style="text-align: center;">La Provence des traditions gourmandes</p>
<p>[/vc_column_text][vc_empty_space][vc_btn title= »DÉCOUVRIR » style= »outline » shape= »square » color= »black » align= »center » link= »url:https%3A%2F%2Fgroupevirtualtech.fr%2Fcedres%2Frestaurant%2F » css= ».vc_custom_1639571348972{margin-left: 0px !important;padding-left: 0px !important;} »][vc_empty_space][/vc_column_inner][vc_column_inner width= »1/4&Prime;][vc_single_image image= »6511&Prime; img_size= »full » alignment= »center » style= »vc_box_border_circle_2&Prime;][vc_empty_space height= »22px »][vc_column_text el_class= »pad-p »]</p>
<h2 style="text-align: center;"><span style="color: #000000;">RÉSERVATION</span></h2>
<p style="text-align: center;">Contactez-nous pour réserver</p>
<p>[/vc_column_text][vc_empty_space][vc_btn title= »RÉSERVER » style= »outline » shape= »square » color= »black » align= »center » link= »url:https%3A%2F%2Fgroupevirtualtech.fr%2Fcedres%2Ftarifs-et-reservations%2F|title:R%C3%89SERVATION » css= ».vc_custom_1639571329588{margin-left: 0px !important;padding-left: 0px !important;} »][vc_empty_space][/vc_column_inner][/vc_row_inner][/vc_column][/vc_row][vc_row css= ».vc_custom_1639479998629{margin-right: 0px !important;margin-left: 0px !important;padding-top: 0px !important;} » el_class= »marges-cotes »][vc_column width= »1/2&Prime; css= ».vc_custom_1639405632443{margin-top: 0px !important;margin-bottom: 0px !important;padding-top: 430px !important;padding-bottom: 0px !important;background-image: url(https://groupevirtualtech.fr/cedres/wp-content/uploads/2021/12/carte-restaurant-villeneuve-lez-avignon.jpg?id=6522) !important;background-position: center !important;background-repeat: no-repeat !important;background-size: cover !important;} »][vc_row_inner css= ».vc_custom_1632837201366{margin-top: 0px !important;margin-bottom: 0px !important;padding-top: 0px !important;padding-bottom: 0px !important;background-position: center !important;background-repeat: no-repeat !important;background-size: cover !important;} » el_class= »marges-cote-gauche »][vc_column_inner][vc_empty_space][/vc_column_inner][/vc_row_inner][/vc_column][vc_column width= »1/2&Prime; el_class= »bg_buffets »][vc_row_inner][vc_column_inner][vc_empty_space height= »152px »][vc_column_text el_class= »pad-p » css= ».vc_custom_1639405843860{padding-left: 35px !important;} »]</p>
<h3 style="text-align: left;"><span style="color: #000000;">DÉCOUVREZ NOTRE RESTAURANT </span></h3>
<p>Le restaurant et sa pergola ouverte sur le jardin invitent à la découverte&#8230; de la Provence des traditions gourmandes. <strong>Vous pourrez déguster au fil des saisons notre cuisine aux saveurs provençales.</strong>[/vc_column_text][/vc_column_inner][/vc_row_inner][vc_empty_space][vc_row_inner css= ».vc_custom_1635171073613{margin-top: 20px !important;margin-right: 20px !important;margin-bottom: 20px !important;margin-left: 20px !important;padding-top: 10px !important;padding-right: 10px !important;padding-bottom: 10px !important;padding-left: 10px !important;} »][vc_column_inner width= »1/2&Prime; css= ».vc_custom_1638966946111{margin-left: 0px !important;padding-left: 0px !important;} »][vc_btn title= »VOIR NOTRE CARTE ET NOS MENUS » style= »flat » shape= »square » align= »center » button_block= »true » link= »url:https%3A%2F%2Fgroupevirtualtech.fr%2Fcedres%2Fcarte-et-menus%2F|title:NOTRE%20CARTE%20ET%20NOS%20MENUS » css= ».vc_custom_1639576128493{margin-left: 0px !important;padding-left: 0px !important;} »][/vc_column_inner][/vc_row_inner][/vc_column][/vc_row][vc_row layout= »boxed » css= ».vc_custom_1639407727330{margin-top: -30px !important;padding-top: 10px !important;padding-bottom: 10px !important;} »][vc_column css= ».vc_custom_1632840075904{padding-top: 30px !important;padding-bottom: 30px !important;} »][vc_row_inner layout= »boxed »][vc_column_inner][vc_empty_space][vc_text_separator title= »*** »][vc_empty_space height= »42px »][vc_column_text]</p>
<h2 style="text-align: center;">QUELQUES PHOTOS&#8230;</h2>
<p>[/vc_column_text][/vc_column_inner][/vc_row_inner][/vc_column][/vc_row][vc_row css= ».vc_custom_1639488444714{margin-top: -30px !important;padding-top: 10px !important;padding-bottom: 10px !important;background-color: #f7f7f7 !important;} »][vc_column css= ».vc_custom_1632840075904{padding-top: 30px !important;padding-bottom: 30px !important;} »][vc_row_inner el_class= »marges-cotes »][vc_column_inner][vc_empty_space][vc_masonry_media_grid grid_id= »vc_gid:1639576430959-e3c7d5d9-0d07-1&Prime; include= »6526,6527,6528,6529,6530,6531&Prime;][/vc_column_inner][/vc_row_inner][/vc_column][/vc_row][vc_row css= ».vc_custom_1631698073746{margin-left: 0px !important;padding-left: 0px !important;background-color: #ffffff !important;} »][vc_column css= ».vc_custom_1631698083089{margin-left: 0px !important;padding-left: 0px !important;} »][vc_row_inner css= ».vc_custom_1638971678639{margin-left: 0px !important;padding-left: 0px !important;background-color: #f7f7f7 !important;} »][vc_column_inner css= ».vc_custom_1633963878811{padding-top: 20px !important;padding-right: 0px !important;padding-bottom: 20px !important;padding-left: 0px !important;} »][vc_column_text][/vc_column_text][/vc_column_inner][/vc_row_inner][/vc_column][/vc_row]</p>

<p>[vc_row][vc_column][rev_slider_vc alias= »home-left-menu »][/vc_column][/vc_row][vc_row][vc_column][vc_row_inner el_class= »marges-cotes »][vc_column_inner width= »1/2&Prime;][vc_empty_space height= »90px »][vc_column_text el_class= »pad-p »] L&rsquo;HÔTEL LES CÈDRES VOUS RÉSERVE UN SÉJOUR AGRÉABLE EN PROVENCE CÔTÉ LANGUEDOC. *** Les cèdres majestueux qui ornent le parc fleuri ont donné son nom à cette maison aux allures de castel, née à la fin du XVIIIème siècle au coeur de la Provence avignonnaise. *** Notre hôtel est [&hellip;]</p>
